063?
3, 113, 526717
List the prime factors of 340623388.
2, 7, 499, 24379
List the prime factors of 23444196.
2, 3, 383, 5101
List the prime factors of 47671633.
283, 168451
What are the prime factors of 3123126601?
7, 53, 2027, 4153
What are the prime factors of 146347537?
7, 883, 23677
List the prime factors of 66183094.
2, 1931, 17137
What are the prime factors of 3985748028?
2, 3, 19, 5827117
What are the prime factors of 3822512395?
5, 13, 199, 295517
What are the prime factors of 353382542?
2, 176691271
List the prime factors of 346964572.
2, 139, 624037
What are the prime factors of 77462448?
2, 3, 7, 41, 5623
What are the prime factors of 317833622?
2, 6089, 26099
What are the prime factors of 217719550?
2, 5, 4354391
What are the prime factors of 8794553?
61, 144173
List the prime factors of 10495223.
10495223
What are the prime factors of 183952910?
2, 5, 18395291
List the prime factors of 945019642.
2, 7, 1811, 37273
What are the prime factors of 58022770?
2, 5, 13, 19, 139
List the prime factors of 949850575.
5, 79, 480937
List the prime factors of 53772723.
3, 5974747
What are the prime factors of 12656405?
5, 37, 43
List the prime factors of 2557084165.
5, 101, 5063533
List the prime factors of 515763480.
2, 3, 5, 463, 9283
What are the prime factors of 593894280?
2, 3, 5, 7, 31, 22807
What are the prime factors of 44350133?
44350133
List the prime factors of 11727054.
2, 3, 651503
What are the prime factors of 412494115?
5, 11, 29, 258617
What are the prime factors of 876531509?
7, 17, 61, 7103
What are the prime factors of 47736261?
3, 709, 7481
List the prime factors of 1106292352.
2, 11, 71429
What are the prime factors of 29915150?
2, 5, 598303
What are the prime factors of 2755786?
2, 11, 229, 547
List the prime factors of 972009553.
972009553
List the prime factors of 752278800.
2, 3, 5, 7, 13, 83
List the prime factors of 41235879.
3, 139, 98887
List the prime factors of 53109247.
53109247
What are the prime factors of 70836038?
2, 7, 13, 29, 13421
List the prime factors of 1967560026.
2, 3, 37, 8862883
List the prime factors of 143928889.
13, 83, 133391
What are the prime factors of 11874028?
2, 173, 17159
List the prime factors of 2223127909.
2223127909
What are the prime factors of 111378867?
3, 37126289
List the prime factors of 3908111416.
2, 11, 43, 1032799
What are the prime factors of 9887717?
7, 109, 12959
List the prime factors of 305809169.
305809169
List the prime factors of 1831773328.
2, 7, 11, 1486829
List the prime factors of 77683648.
2, 7, 59, 2939
What are the prime factors of 33966831?
3, 59, 191903
List the prime factors of 4115629433.
17, 709, 341461
What are the prime factors of 156639222?
2, 3, 8702179
What are the prime factors of 88330251?
3, 29443417
List the prime factors of 1564090268.
2, 13, 109, 21227
List the prime factors of 13528477.
13528477
List the prime factors of 125573766.
2, 3, 20928961
What are the prime factors of 97582505?
5, 37, 239, 2207
What are the prime factors of 287502578?
2, 11, 29, 41, 379
List the prime factors of 105865253.
13, 1523, 5347
What are the prime factors of 110463713?
53, 467, 4463
What are the prime factors of 337239612?
2, 3, 211, 4933
What are the prime factors of 3425349679?
3425349679
List the prime factors of 38221740.
2, 3, 5, 37, 1913
List the prime factors of 247223205.
3, 5, 23, 79621
List the prime factors of 612788566.
2, 13, 67, 351773
What are the prime factors of 5980619?
5980619
List the prime factors of 236449619.
7, 1427, 23671
What are the prime factors of 129123168?
2, 3, 1345033
List the prime factors of 351492931.
47, 7478573
What are the prime factors of 96703979?
79, 839, 1459
What are the prime factors of 2045675087?
149, 13729363
List the prime factors of 31596876.
2, 3, 433, 2027
List the prime factors of 35572858.
2, 23, 53, 14591
List the prime factors of 678538677.
3, 226179559
What are the prime factors of 398439911?
398439911
What are the prime factors of 999340004?
2, 13, 19218077
List the prime factors of 1103621212.
2, 275905303
What are the prime factors of 76049677?
11, 6913607
List the prime factors of 22221632.
2, 103, 3371
What are the prime factors of 1906288065?
3, 5, 11, 3851087
List the prime factors of 718299000.
2, 3, 5, 79811
What are the prime factors of 219720710?
2, 5, 11, 179, 11159
List the prime factors of 1110673.
541, 2053
What are the prime factors of 7275405014?
2, 3637702507
What are the prime factors of 1742645998?
2, 113, 7710823
List the prime factors of 243892422.
2, 3, 13549579
List the prime factors of 731139357.
3, 13, 18747163
List the prime factors of 502580731.
37, 3167, 4289
List the prime factors of 20271152.
2, 11, 149, 773
List the prime factors of 1193878860.
2, 3, 5, 2389, 8329
List the prime factors of 47428271.
11, 59, 73079
List the prime factors of 7860828925.
5, 43, 7312399
List the prime factors of 10025084.
2, 19, 131909
List the prime factors of 1522744179.
3, 11, 17, 159667
What are the prime factors of 120365945?
5, 7, 71, 48437
What are the prime factors of 200048136?
2, 3, 109, 76471
What are the prime factors of 18471784?
2, 31, 211, 353
List the prime factors of 82563779.
82563779
What are the prime factors of 2833603747?
13, 217969519
List the prime factors of 6397035.
3, 5, 426469
List the prime factors of 60265067.
137, 439891
List the prime factors of 8270224.
2, 401, 1289
List the prime factors of 463017783.
3, 19, 89, 107, 853
List the prime factors of 166935638.
2, 37, 2255887
What are the prime factors of 5717785?
5, 29, 47, 839
What are the prime factors of 265412904?
2, 3, 11058871
What are the prime factors of 200234266?
2, 103, 9437
List the prime factors of 445317739.
73, 181, 33703
What are the prime factors of 256156027?
277, 924751
What are the prime factors of 4214979763?
4214979763
What are the prime factors of 150737937?
3, 7, 7177997
List the prime factors of 485617781.
11, 109, 593, 683
List the prime factors of 37651838.
2, 7, 17, 158201
List the prime factors of 6964384969.
8329, 836161
List the prime factors of 208486497.
3, 69495499
List the prime factors of 147031598.
2, 7, 10502257
What are the prime factors of 41214429?
3, 4579381
What are the prime factors of 383096924?
2, 7, 19, 23, 131, 239
What are the prime factors of 213065469?
3, 23673941
What are the prime factors of 375127357?
11, 359, 94993
List the prime factors of 20050804.
2, 41, 103, 1187
What are the prime factors of 14428011?
3, 13, 19, 19471
What are the prime factors of 1188305843?
59, 149, 135173
List the prime factors of 28742379.
3, 239, 40087
What are the prime factors of 2211156110?
2, 5, 67, 3300233
What are the prime factors of 138782436?
2, 3, 13, 889631
List the prime factors of 12694848.
2, 3, 37, 1787
List the prime factors of 48057547.
47, 1022501
List the prime factors of 2901490797.
3, 967163599
What are the prime factors of 57098559?
3, 7, 31, 139, 631
List the prime factors of 90471108.
2, 3, 7, 13, 6373
List the prime factors of 26902628.
2, 6725657
List the prime factors of 3128454335.
5, 307, 461, 4421
What are the prime factors of 44661646?
2, 1697, 13159
What are the prime factors of 63534688?
2, 7, 283637
List the prime factors of 143472097.
19, 7551163
What are the prime factors of 42457155?
3, 5, 13, 239, 911
List the prime factors of 2270682585.
3, 5, 16819871
What are the prime factors of 2438836627?
47, 51890141
What are the prime factors of 778989299?
11, 41, 269, 6421
What are the prime factors of 1612103015?
5, 8087, 39869
What are the prime factors of 5663225313?
3, 379, 1660283
List the prime factors of 28821656.
2, 3602707
What are the prime factors of 2550376555?
5, 19, 601, 2351
What are the prime factors of 173092701?
3, 57697567
List the prime factors of 133976421.
3, 53, 157, 1789
What are the prime factors of 442046709?
3, 13, 163, 1783
What are the prime factors of 2636003205?
3, 5, 11, 23, 231533
List the prime factors of 26285750.
2, 5, 105143
What are the prime factors of 3466511?
137, 25303
What are the prime factors of 3522447114?
2, 3, 101, 5812619
List the prime factors of 22324162.
2, 7, 17, 97, 967
What are the prime factors of 4747972?
2, 89, 13337
List the prime factors of 1459831718.
2, 17, 191, 224797
What are the prim